 31
Suppose 16 = -3*v - 2*l, 2*l = 2*v + 2*v - 2. Let g be 74*(-5)/20*v. Suppose -7*p + 12 + g = 0. What are the prime factors of p?
7
Let u = -4773 + 12042. List the prime factors of u.
3, 2423
Suppose 66*g + 1382 = 67*g + 3*p, -2*g + 2*p = -2780. What are the prime factors of g?
2, 347
Let o = 18 - 18. Let u be (-7 - -5) + o + 2 - -4. Suppose -3*i + u*i = 60. What are the prime factors of i?
2, 3, 5
Suppose 150*g + 896225 = 1586034 + 4168691. List the prime factors of g.
2, 5, 41, 79
Let u(q) = q**3 - 117*q**2 + 427*q - 246. List the prime factors of u(114).
2, 3, 787
Let u be ((-1)/(-3))/(22/330). Suppose -q + 7330 = u*h, -84*h - q + 1470 = -83*h. What are the prime factors of h?
5, 293
Let v(g) = 3959*g**2 - 200*g - 1. What are the prime factors of v(-3)?
2, 5, 3623
Let g = -7377 + 18652. What are the prime factors of g?
5, 11, 41
Let x = -2130 + 10851. What are the prime factors of x?
3, 17, 19
Suppose 7*a + 144 = 53. Let d(q) = q**3 + 13*q**2 - 3*q - 40. Let h be d(a). List the prime factors of (-20)/(-16)*(h - -77).
5, 19
Let s = -8499 + 14240. What are the prime factors of s?
5741
What are the prime factors of ((-4994)/88 + 5)/(3/(-4808))?
2, 3, 23, 601
Let b(c) = -5*c - 10. Let y be b(-2). Let p be y*(-1 - 2 - -4). What are the prime factors of 94*1 + (1 - p)?
5, 19
Suppose 0 = -7*q - 208 - 72. What are the prime factors of ((-192)/q)/(-8) - 6226/(-10)?
2, 311
Let y(b) = -b**2 + 2*b + 85. Let z be y(10). Suppose 3326 = 7*c - 3*c - 2*u, -z*c - 3*u = -4141. What are the prime factors of c?
2, 5, 83
Suppose -10 = -5*h, -6*h = -v - 2*h + 9573. What are the prime factors of v?
11, 13, 67
Let b = -578 + 1152. Let x = -304 + b. List the prime factors of x.
2, 3, 5
Let m = 3350 - 2294. Suppose -7*j + 35 = -14. Suppose -p = -j*p + m. What are the prime factors of p?
2, 11
What are the prime factors of 221*1*((-11)/(-132) - 2733/(-36))?
2, 13, 17, 19
Suppose -5*w = 38405 + 12555. List the prime factors of 4/(-3) + w/(-21).
2, 11
Let u be (-2)/14 - (-6)/(-7). Let l be 218 - (-3 + (3 - u)). List the prime factors of (l/21)/(1/3).
31
Let u = -703 + 4642. List the prime factors of u.
3, 13, 101
Suppose 3*a + 105340 = 4*y, -851*a + 850*a = 2*y - 52680. List the prime factors of y.
2, 13, 1013
Let q = -45 + 1068. Suppose 5*x + q = 2*l, -5*l + 9*x - 14*x + 2645 = 0. What are the prime factors of l?
2, 131
Let o(x) = 2*x**2 - 11*x + 18. Let m be o(-9). Let d = m + -16. Suppose -7*k + 1193 + d = 0. What are the prime factors of k?
2, 13
Let i = 339 + -318. Let s(g) = -18*g - 1. Let y be s(-2). Suppose y = 3*f - f - 3*c, -i = -f - 2*c. What are the prime factors of f?
19
List the prime factors of 2/(-1) + (-221026)/(-13) + -23 + 18.
3, 5, 11, 103
Let h(p) = 195*p + 897. What are the prime factors of h(7)?
2, 3, 13, 29
Suppose 4*k = -k - 3*y + 14, 8 = -4*y. Suppose -4 = -5*v + k*v. Suppose -v*s = -3*s - 5*w - 1, 2*w - 71 = -3*s. List the prime factors of s.
3, 7
Let x(i) = 327*i + 11. Let s be x(-13). Let n = -2797 - s. What are the prime factors of n?
3, 13, 37
Let f(u) = -28452*u - 257. List the prime factors of f(-1).
5, 5639
Suppose -87893 = -4*w + 6*j - 11*j, -w + 2*j + 21970 = 0. List the prime factors of w.
2, 3, 1831
Suppose -5*s = 31*g - 36*g + 6530, 3902 = 3*g + 5*s. List the prime factors of g.
2, 163
Let g(w) = -104*w - 90. Let r be g(5). Let p = -541 - r. List the prime factors of p.
3, 23
Let c be (-15)/((-3)/((-9)/2))*-8. Suppose 18*i = 12*i + c. List the prime factors of (-4)/i - 7/((-630)/17202).
191
Suppose z = -4*x + 4454, 11*z - 14*z = -3*x - 13332. What are the prime factors of z?
2, 3, 13, 19
Let a(v) = -14*v + 6. Let z = 0 + -3. Let h be a(z). List the prime factors of ((-65)/(-52))/(2/h).
2, 3, 5
Suppose -3*n - 10*n + 3120 = 0. What are the prime factors of 253600/n*(-3)/(-2)?
5, 317
Suppose 0 = -b + 4, 0 = -2*q - 0*b - 5*b + 158. Suppose z - 3*u - u = 22, -4*z - 3*u + q = 0. List the prime factors of ((36/(-6))/z)/(2/(-96)).
2
Let r(q) = -591*q - 25. Let l = -364 + 363. What are the prime factors of r(l)?
2, 283
Suppose -5*u = -25, 2*u + 7706 = -51*s + 54*s. What are the prime factors of s?
2, 643
Let l(s) = 83*s + 1729. What are the prime factors of l(-6)?
1231
Let k(r) = -r**3 + 7*r**2 + 31*r. What are the prime factors of k(-15)?
3, 5, 13, 23
Let k = -2586 - -1822. Let f = k - -1112. List the prime factors of f.
2, 3, 29
Let t be (-5719)/(-43) - 4/6*-3. Suppose k = 4*k - 4*b - 1380, k + 2*b = 460. Suppose h + z - t = 0, k = 4*h - 3*z - 66. What are the prime factors of h?
7, 19
Suppose 67*q - 83*q = -1808. Suppose 3*w = 3*l - 627, 5*w + 100 = l - q. List the prime factors of l.
2, 13
Let f = 17 - 28. Let a(l) = -118*l + 99. Let y(x) = 35*x - 33. Let v(s) = -2*a(s) - 7*y(s). List the prime factors of v(f).
2, 3, 11
Suppose 3*b + 44 = 14. Let f be (-12)/(-10)*b/(-6). Suppose 116 = f*d + 16. What are the prime factors of d?
2, 5
Suppose -16*o = -5*b - 17*o + 96, 0 = -3*o + 3. Suppose -1468 = -b*d - 404. List the prime factors of d.
2, 7
Let p be (-58)/(-319) + 4/(-22). List the prime factors of (-14 + 396)*(p + 2 + 0).
2, 191
Let i(q) = q**2 - 8*q - 14. Let m = 37 + -27. Let z be i(m). Suppose -z*j - j = -679. List the prime factors of j.
97
Let c = 3790 + -3225. What are the prime factors of c?
5, 113
Suppose -z = i - 13638, 47*i - 24 = 51*i. List the prime factors of z.
2, 3, 379
Let x = -176 - -179. Suppose 14*q = -x*q + 10013. List the prime factors of q.
19, 31
Let m = -151 + -32. List the prime factors of (4*m/(-2))/(-3 - -4).
2, 3, 61
List the prime factors of -4 - (15/(-12))/(26/142168).
3, 11, 23
Let m(o) = o**2 - 4*o + 1. Let z be m(4). Let y(t) = t**3 - 3*t + 2. Let u be y(z). Suppose u*p = p - 43. List the prime factors of p.
43
Let j = -23 - -76. Suppose 0 = 2*m - 385 - j. Suppose m = 19*l - 16*l. List the prime factors of l.
73
Let c be (5 + -6 - (-2 - -2)) + 1. Suppose z + 4 = 5*a + 390, -5*z + a + 1906 = c. Suppose -w = 4*r - 142, -w - 3*r + z = 2*w. What are the prime factors of w?
2, 61
Let p = -2779 + 2510. Let f be (-2 - -1 - 31)*13. Let o = p - f. List the prime factors of o.
3, 7
Suppose -11*l + 8*l = -33. Let m(f) = 0*f - 21*f**2 + l*f**2 - 5*f - f**3. What are the prime factors of m(-10)?
2, 5
Suppose -3*c + 46*m + 27018 = 43*m, 0 = 4*c + 3*m - 35982. List the prime factors of c.
2, 3, 5
Let d(t) = 3574*t - 32. Let o be d(4). Suppose 12*u - o + 4520 = 0. What are the prime factors of u?
2, 7, 29
List the prime factors of 318378/42 + (-15)/35.
2, 5, 379
Let l(p) = p**3 + 91*p**2 - 8*p - 724. Let s be l(-91). Let o be 43/9 + 2/9. Suppose -o*a + 6 + 9 = 0, -184 = -4*n + s*a. List the prime factors of n.
7
Suppose 21*o - 1422079 = -27*o + o. What are the prime factors of o?
79, 383
Let d(s) = -5*s + 1 + 2 + 5 - 4*s. Suppose -2*p = 5*o + 10, 2*p + 9 = -o + 15. List the prime factors of d(o).
2, 11
Let s = -92 + 90. Let m be (-35)/5*(7 + 0 + s). What are the prime factors of (8 - -2)*(-399)/m?
2, 3, 19
Suppose 24*g - 24980 = -41649 + 298261. List the prime factors of g.
3, 3911
Let q(s) = -50*s + 38. Let v be q(1). List the prime factors of ((-618)/(-27)*-6)/(4/v).
2, 103
Let b(g) be the third derivative of -g**6/120 - g**5/30 - g**4/24 + 7*g**3/6 - 2*g**2 - 4. Let c be -1 - ((-6)/(-3) + 0). What are the prime factors of b(c)?
19
Let a = -250 - -629. List the prime factors of a/((15/(-3))/10*-2).
379
Suppose 0*p - 11551 = -5*f + 6*p, 2*f = 4*p + 4622. List the prime factors of f.
2309
Let p be (-56)/32*(-5 - -1). Suppose -p*o = -3*o - 88. What are the prime factors of 348/o + (-36)/(-198)?
2
Let m(x) = -437*x**2 - 6*x + 5. Let u be m(-1). Let o = 1835 + u. What are the prime factors of o?
1409
Let v(t) = 19*t**2 - 16*t - 3. Let q(z) = -6*z + 36. Let y be q(7). List the prime factors of v(y).
3, 7, 37
Suppose -1306336 = 41*l - 113*l + 40*l. What are the prime factors of l?
40823
Suppose -j + 25 = -2*f + 10, 2*j = f + 42. Suppose -j*w + 7657 = 8*w. What are the prime factors of w?
13, 19
Suppose -5*n - 3*r + 43123 = 0, 0 = -2*n - 0*n + 4*r + 17218. List the prime factors of n.
37, 233
Let s = -6162 - -12282. List the prime factors of s.
2, 3, 5, 17
Suppose 2*a - a = g + 49, 3*g = -4*a + 175. Let m = 178 + a. What are the prime factors of m?
2, 7
Let b be (-6*(-4)/(-32))/(2/(-48)). Suppose 23*h - b*h - 10 = 0. 